{"id":259,"date":"2023-03-31T21:12:12","date_gmt":"2023-03-31T21:12:12","guid":{"rendered":"https:\/\/ukraine-infoportal.de\/?page_id=259"},"modified":"2023-03-31T21:12:12","modified_gmt":"2023-03-31T21:12:12","slug":"getreide","status":"publish","type":"page","link":"https:\/\/ukraine-infoportal.de\/index.php\/getreide\/","title":{"rendered":"Getreide"},"content":{"rendered":"\n<figure class=\"wp-block-table\"><table><tbody><tr><td><strong>Autor<\/strong><\/td><td><strong>Inhalt<\/strong><\/td><\/tr><tr><td><a href=\"https:\/\/web.archive.org\/web\/20220820214925\/https:\/\/www.nachdenkseiten.de\/?p=86359\">Stefan Schmitt<\/a><\/td><td>Ukrainische Getreideexporte werden dadurch verhindert, dass die Ukraine (teilweise schon vor dem Einmarsch) Ihre H\u00e4fen vermint hat. <br>Russlandsgetreideexporte werden durch die Sanktionen der EU blockiert. <br>Offiziell wird Getreide nicht sanktioniert, aber die Finanzsanktionen machen es Importeuren russischen Getreides schwer, zu bezahlen, auch k\u00f6nnen eruop\u00e4ische H\u00e4fen und Reder nicht f\u00fcr den Export genutzt werden. <br>Die EU macht trotzdem Russland f\u00fcr den Stoppp der russischen Getreideexporte verantwortlich<\/td><\/tr><tr><td><a href=\"https:\/\/web.archive.org\/web\/20220815095711\/https:\/\/overton-magazin.de\/hintergrund\/wirtschaft\/kein-schiff-wird-kommen\/\">J\u00fcrgen H\u00fcbschen<\/a><\/td><td>Die T\u00fcrkei vermittelt ein Getreideabkomen zwischen der Ukraine und Russland:<br><br>Die Vertragsparteien garantieren ein sicheres Umfeld f\u00fcr alle im Rahmen dieses Abkommens eingesetzten Schiffe. <br>Die Vertragsparteien verpflichten sich, Handelsschiffe andere zivile Schiffe und f\u00fcr den Export ben\u00f6tigte Hafeneinrichtungen nicht anzugreifen.<br><br>In Istanbul wird ein gemeinsames Koordinierungsb\u00fcro (Joint Coordination Center; JCC) etabliert, in dem Vertreter der Ukraine, Russlands, der T\u00fcrkei und der UNO vertreten sind.<br>Es werden gemeinsame Inspektionsteams gebildet, die in Istanbul die Ladung und Besatzung aller Schiffe, die aus der Ukraine kommen oder H\u00e4fen in der Ukraine zum Ziel haben, kontrollieren, ob die Vertragsbestimmungen eingehalten werden.<br><br>Ukrainische Gew\u00e4sser liegen ausschlie\u00dflich in der nationalen Zust\u00e4ndigkeit.<br>Sollte es erforderlich sein, werden Minensucher eingesetzt, um einen sicheren Aufenthalt in den H\u00e4fen und eine ungef\u00e4hrdete Passage der Schiffe, die vorzugsweise im Konvoi eingesetzt werden, zu garantieren.<br><br>Diesen Transitkorridoren d\u00fcrfen sich Kriegsschiffe, Milit\u00e4rflugzeuge und\/oder Drohnen nur auf eine vom JCC festgesetzte Distanz n\u00e4hern.<br><br>Die Vereinbarung wird automatisch jeweils um 120 Tage verl\u00e4ngert, falls keine der Vertragsparteien Einspruch erhebt<\/td><\/tr><tr><td><a href=\"http:\/\/web.archive.org\/web\/20230328073947\/https:\/\/www.german-foreign-policy.com\/news\/detail\/9205\">German-Foreign-Policy<\/a><\/td><td>Durch die Sanktionen der EU gegen den russischen Finanz- und Transportsektor, werden weiterhin russische Exporte von Nahrungsmittel und D\u00fcnger behindert<br>Dadurch kommt es zu Ernteausf\u00e4llen und Hungerkrisen in Afrika<br>UN-Generalsekret\u00e4r Ant\u00f3nio Guterres nahm am EU Gipfel in Br\u00fcssel und forderte eine Lockerung von Sanktionen gegen Exporte von D\u00fcngermittel. Die EU lehnt dies ab.<\/td><\/tr><\/tbody><\/table><\/figure>\n","protected":false},"excerpt":{"rendered":"<p>Autor Inhalt Stefan Schmitt Ukrainische Getreideexporte werden dadurch verhindert, dass die Ukraine (teilweise schon vor dem Einmarsch) Ihre H\u00e4fen vermint hat. Russlandsgetreideexporte werden durch die Sanktionen der EU blockiert. Offiziell wird Getreide nicht sanktioniert, aber die Finanzsanktionen machen es Importeuren russischen Getreides schwer, zu bezahlen, auch k\u00f6nnen eruop\u00e4ische H\u00e4fen und Reder nicht f\u00fcr den Export [&hellip;]<\/p>\n","protected":false},"author":1,"featured_media":0,"parent":0,"menu_order":0,"comment_status":"closed","ping_status":"closed","template":"","meta":{"footnotes":""},"class_list":["post-259","page","type-page","status-publish","hentry"],"_links":{"self":[{"href":"https:\/\/ukraine-infoportal.de\/index.php\/wp-json\/wp\/v2\/pages\/259","targetHints":{"allow":["GET"]}}],"collection":[{"href":"https:\/\/ukraine-infoportal.de\/index.php\/wp-json\/wp\/v2\/pages"}],"about":[{"href":"https:\/\/ukraine-infoportal.de\/index.php\/wp-json\/wp\/v2\/types\/page"}],"author":[{"embeddable":true,"href":"https:\/\/ukraine-infoportal.de\/index.php\/wp-json\/wp\/v2\/users\/1"}],"replies":[{"embeddable":true,"href":"https:\/\/ukraine-infoportal.de\/index.php\/wp-json\/wp\/v2\/comments?post=259"}],"version-history":[{"count":1,"href":"https:\/\/ukraine-infoportal.de\/index.php\/wp-json\/wp\/v2\/pages\/259\/revisions"}],"predecessor-version":[{"id":260,"href":"https:\/\/ukraine-infoportal.de\/index.php\/wp-json\/wp\/v2\/pages\/259\/revisions\/260"}],"wp:attachment":[{"href":"https:\/\/ukraine-infoportal.de\/index.php\/wp-json\/wp\/v2\/media?parent=259"}],"curies":[{"name":"wp","href":"https:\/\/api.w.org\/{rel}","templated":true}]}}