{"id":239,"date":"2023-03-28T17:13:37","date_gmt":"2023-03-28T17:13:37","guid":{"rendered":"https:\/\/ukraine-infoportal.de\/?page_id=239"},"modified":"2023-03-28T17:13:37","modified_gmt":"2023-03-28T17:13:37","slug":"waffenlieferungen","status":"publish","type":"page","link":"https:\/\/ukraine-infoportal.de\/index.php\/waffenlieferungen\/","title":{"rendered":"Waffenlieferungen"},"content":{"rendered":"\n<figure class=\"wp-block-table\"><table><tbody><tr><td><a href=\"https:\/\/web.archive.org\/web\/20220603055935\/https:\/\/overton-magazin.de\/krass-konkret\/interpol-in-die-ukraine-gelieferte-waffen-werden-auf-den-schwarzmarkt-kommen\/\">Florian R\u00f6tzer<\/a><\/td><td>Interpol warnt: Europ\u00e4ische Waffen, die an die Ukraine geliefert werden, landen wom\u00f6glich auf<\/td><\/tr><tr><td><a href=\"https:\/\/web.archive.org\/web\/20220914081856\/https:\/\/www.nachdenkseiten.de\/?p=87976\">Florian Warweg<\/a><\/td><td>Die Bundesregierung reguliert nicht, was die Ukraine mit den deutschen Waffen macht.<br>Sie darf sie gegen russisches Territorium einsetzen oder gar an Nazi-Gruppen weitergeben.<br>Die USA haben bei ihren Waffenlieferungen eine Klausel eingebaut, die genau das bei ihren Waffen verhindert<\/td><\/tr><tr><td><a href=\"https:\/\/www.bundestag.de\/resource\/blob\/892384\/d9b4c174ae0e0af275b8f42b143b2308\/WD-2-019-22-pdf-data.pdf\">Gutachten des wissenschaftlichen Dienstes des Bundestags<\/a><\/td><td>Im Rahmen der Waffenlieferungen an die Ukraine, m\u00fcssen ukrianische Soldaten von deutschem Milit\u00e4rpersonal trainiert werden, um die Waffen einsetzen zu k\u00f6nnen.<br>Das Trainieren ukrainishcer Soldaten durch deutsches Personal stellt juristisch einen Kriegseintritt dar.<\/td><\/tr><tr><td><a href=\"https:\/\/web.archive.org\/web\/20220907061100\/https:\/\/edition.cnn.com\/2022\/04\/19\/politics\/us-weapons-ukraine-intelligence\/index.html\">CNN<\/a> und <a href=\"https:\/\/web.archive.org\/web\/20220812112223\/https:\/\/multipolarista.com\/2022\/08\/10\/cbs-censors-report-ukraine-weapons-corruption\/\">Multipolarista<\/a><\/td><td>Die USA wissen nicht, wie viel der Waffen, die sie an die Ukraine liefern, tats\u00e4chlich an der Front landen und nich auf dem Schwarzmarkt verschwinden.<br>Der Sender CBS spricht in einer (prowestlichen) Dokumentation von lediglich 30%, die an der Front landen.<br>Nach Protest der ukrainischen Regierung, zog CBS die Dokumentation zur\u00fcck<\/td><\/tr><\/tbody><\/table><\/figure>\n","protected":false},"excerpt":{"rendered":"<p>Florian R\u00f6tzer Interpol warnt: Europ\u00e4ische Waffen, die an die Ukraine geliefert werden, landen wom\u00f6glich auf Florian Warweg Die Bundesregierung reguliert nicht, was die Ukraine mit den deutschen Waffen macht.Sie darf sie gegen russisches Territorium einsetzen oder gar an Nazi-Gruppen weitergeben.Die USA haben bei ihren Waffenlieferungen eine Klausel eingebaut, die genau das bei ihren Waffen verhindert [&hellip;]<\/p>\n","protected":false},"author":1,"featured_media":0,"parent":0,"menu_order":0,"comment_status":"closed","ping_status":"closed","template":"","meta":{"footnotes":""},"class_list":["post-239","page","type-page","status-publish","hentry"],"_links":{"self":[{"href":"https:\/\/ukraine-infoportal.de\/index.php\/wp-json\/wp\/v2\/pages\/239","targetHints":{"allow":["GET"]}}],"collection":[{"href":"https:\/\/ukraine-infoportal.de\/index.php\/wp-json\/wp\/v2\/pages"}],"about":[{"href":"https:\/\/ukraine-infoportal.de\/index.php\/wp-json\/wp\/v2\/types\/page"}],"author":[{"embeddable":true,"href":"https:\/\/ukraine-infoportal.de\/index.php\/wp-json\/wp\/v2\/users\/1"}],"replies":[{"embeddable":true,"href":"https:\/\/ukraine-infoportal.de\/index.php\/wp-json\/wp\/v2\/comments?post=239"}],"version-history":[{"count":1,"href":"https:\/\/ukraine-infoportal.de\/index.php\/wp-json\/wp\/v2\/pages\/239\/revisions"}],"predecessor-version":[{"id":240,"href":"https:\/\/ukraine-infoportal.de\/index.php\/wp-json\/wp\/v2\/pages\/239\/revisions\/240"}],"wp:attachment":[{"href":"https:\/\/ukraine-infoportal.de\/index.php\/wp-json\/wp\/v2\/media?parent=239"}],"curies":[{"name":"wp","href":"https:\/\/api.w.org\/{rel}","templated":true}]}}